a - 8, -6 = 2*o + 3*a. Suppose 0 = -2*d + 8, o = -2*z - d - 8 + 412. What is the greatest common factor of 20 and z?
20
Let j(d) = -2*d - 1. Let c be j(-5). Suppose c*m = 8*m. Suppose q - 8 - 6 = m. Calculate the highest common divisor of 7 and q.
7
Suppose -223 - 128 = -3*d. Calculate the greatest common factor of 13 and d.
13
Let u(x) = x**3 - x**2 + 4*x. Let p be u(3). Let i be 3/9 + (-23)/(-3). Let m be (-3)/(-2*1/i). What is the highest common divisor of p and m?
6
Suppose 2*r + 67 - 179 = 0. What is the highest common factor of r and 7?
7
Let q be (-33)/3*2/(-2). Suppose 5*g = -4*t + 94, t - 3*t = 4*g - 80. What is the highest common divisor of q and g?
11
Let l(u) = -u**2 - 7*u - 2. Let o be l(-5). Let p be 264*((-20)/(-12))/5. Calculate the greatest common divisor of o and p.
8
Let j(k) = 218*k**2 - 1. Let s be j(1). Suppose 135 = 2*m - s. Let c = -16 + 32. What is the highest common divisor of m and c?
16
Let h(a) = -a**3 + 4*a**2 + 5*a + 6. Let r be h(5). Let u be (132/9)/4*r. Calculate the greatest common divisor of 33 and u.
11
Let m = 28 - 25. Let n be (4 + (-46)/(-6))*m. Calculate the greatest common factor of n and 14.
7
Suppose -7*v + 163 = -12. Calculate the greatest common divisor of v and 50.
25
Suppose -2*i + i = -11. What is the greatest common factor of i and 77?
11
Let j be (2 - (-20)/15)*342/10. Calculate the greatest common divisor of 19 and j.
19
Suppose 0 = q + 3, -2*w + 5*q + 44 - 5 = 0. What is the highest common divisor of w and 6?
6
Let u(o) = -o**3 - 5*o**2 + 3*o + 2. Let l be u(-6). Suppose 8 = -j - 4*k, 4*j + 4*k = -j + 40. Let s = j + -7. Calculate the highest common divisor of l and s.
5
Suppose 15*f = 14*f + 6. Calculate the greatest common divisor of 18 and f.
6
Let k be 2/(-5) - 24/(-10). Let p be -2 - 1*(-11 - k). Suppose o + p = 3*v, 2*o = 3*v - 5 - 2. Calculate the greatest common factor of o and 16.
4
Let b(d) = -d**3 + 21*d**2 + d - 15. Let y be b(21). What is the highest common factor of 9 and y?
3
Let f be -1 + 0 - (-6)/3. Let u = 277 + -276. What is the highest common factor of f and u?
1
Suppose 4*w + 20 = -3*a + 66, 5*a - 74 = -4*w. Calculate the greatest common factor of a and 35.
7
Let o = -16 + 27. Calculate the highest common factor of 88 and o.
11
Suppose -5*i + 27 = l + 3*l, 2*i = -4*l + 18. Suppose -4*h + 8 + 4 = 0. What is the greatest common divisor of h and i?
3
Let w be 39 - (5/1 + -4). What is the highest common factor of w and 19?
19
Let h = -76 - -191. What is the highest common factor of 46 and h?
23
Let z = 157 + -93. What is the highest common divisor of 8 and z?
8
Let c = 110 + -62. Let m = -37 + 53. What is the greatest common factor of m and c?
16
Suppose 24*k - 8 = 23*k. What is the greatest common factor of k and 32?
8
Let o = 6 - 14. Let l be o/(-20) - (-16)/10. Let c(u) = -u**3 + 5*u**2 - 4*u + 5. Let t be c(4). Calculate the highest common factor of t and l.
1
Let a = 10 + 17. Calculate the greatest common divisor of 297 and a.
27
Let h be 206/10 - (-14)/35. Suppose -2*t + h = t. Calculate the highest common factor of 35 and t.
7
Let k be (-2)/(1*5/(-220)). Calculate the highest common divisor of k and 11.
11
Let d = -61 + 58. Let b(r) be the first derivative of -3*r**2/2 - 4*r - 1. Let g be b(d). What is the greatest common divisor of g and 2?
1
Let o be (1 - 1) + 145 + -2. Suppose -16 = -2*q - 2*h - 0*h, -3*q + 49 = -2*h. Calculate the highest common divisor of o and q.
13
Suppose g - 3 = -1. Let m(h) = -11*h**2 + h + 2. Let s be m(g). Let y be (-1)/(((-14)/s)/(-7)). Calculate the highest common divisor of 5 and y.
5
Suppose 5*p = -4*a + 254, 0 = 5*p - a - a - 248. What is the highest common divisor of p and 75?
25
Let u(o) = 5*o - 4. Let z = -11 + 15. Let q be u(z). Calculate the highest common factor of q and 16.
16
Let h be (-1)/14*-122 + (-2)/(-7). Suppose 3*c + 84 = 3*f - f, -5*c = -10. What is the greatest common divisor of f and h?
9
Let u be ((-8)/10)/((-18)/(-20) + -1). Let w be 12/6*2*16. What is the highest common divisor of w and u?
8
Suppose 24 + 8 = s. What is the highest common factor of s and 160?
32
Let j(q) = -q**3 - 9*q**2 - 9*q - 4. Let s be j(-8). Suppose 9*a = s*a + 300. Calculate the greatest common divisor of 15 and a.
15
Suppose -3*a - 4*m + 36 = 0, 4*a - 39 = -4*m + 13. Calculate the greatest common divisor of a and 24.
8
Suppose 0 = 2*o + z - 2*z - 169, 0 = -2*o - z + 171. Calculate the highest common factor of 51 and o.
17
Suppose -4*p = 8 - 24. Let b be (-9)/3 + (0 - 1). Let h = -2 - b. Calculate the greatest common divisor of h and p.
2
Let p = -57 + 175. Suppose 4*j - p = -0*j + 3*q, -2*j = -2*q - 60. Let f = 8 + 62. Calculate the greatest common divisor of f and j.
14
Suppose -3*k + 4*g = -480, -2*k = -4*g - 185 - 135. Calculate the highest common divisor of k and 40.
40
Suppose 5*w + 3*h - 8*h = 615, 3*w - 384 = -2*h. Let p(o) = -o**3 + 9*o**2 + 3*o - 9. Let b be p(9). Calculate the greatest common divisor of w and b.
18
Let q = -365 - -525. Let c be 2 + 9/(36/q). Calculate the highest common divisor of c and 21.
21
Suppose -a = -2*i + 45, -5*a + 47 = 2*i - 8*a. Calculate the highest common divisor of 66 and i.
22
Let u be 5 - -2 - (5 - 2). What is the greatest common divisor of 12 and u?
4
Let f(u) = -3*u + 45. Let r be f(8). Let n = 63 - -42. What is the highest common divisor of r and n?
21
Let j = 13 + -7. Suppose -4 - j = -2*t. Suppose 2*i + 21 = t*i. Calculate the highest common divisor of i and 21.
7
Suppose -4*d + 2 - 62 = 0. Let t be 6/5*d/(-2). Suppose -4*y = -y - 189. Calculate the highest common divisor of t and y.
9
Let b be 43/(-9) + 4/(-18). Let o(x) = -x**3 - 5*x**2 - 3*x - 3. Let h be o(b). Let z be 198/(2/((-4)/(-3))). Calculate the highest common factor of h and z.
12
Let o be (((-576)/(-30))/8)/((-4)/(-10)). What is the highest common divisor of 10 and o?
2
Let t(w) = 5*w - 16. Let n be t(8). What is the greatest common factor of 36 and n?
12
Suppose 1 = -h + 2. Let m be h/3 - (-40)/6. What is the highest common factor of m and 63?
7
Let q be (1*(1 - 54))/1. Let c = 10 - q. Let o = -9 - -18. What is the highest common factor of c and o?
9
Let v = 13 - 10. Suppose -4 = -v*a + 11. What is the greatest common divisor of 10 and a?
5
Let p = 15 - 9. Calculate the highest common factor of 24 and p.
6
Let h be -3*(-2)/6 - -5. Let m be (-3)/h - 43/(-2). Let d = -3 + 6. What is the highest common divisor of m and d?
3
Suppose 0*m - 14 = -m. Let u be ((-12)/(-4))/(-2 - -1). Let y be u - (3 + -2 - 25). What is the highest common factor of m and y?
7
Suppose 0 = -5*z + 23 + 57. Let n(y) = y**3 - 6*y**2 + 4. Let k be n(6). What is the greatest common factor of z and k?
4
Let a be (-1305)/(-36) - 6/(-8). What is the highest common divisor of a and 74?
37
Suppose -2*s + 87 = 53. Calculate the greatest common factor of s and 17.
17
Let a be (-5 - -2)*69/(-9). Let m = a - 12. What is the highest common divisor of 55 and m?
11
Suppose 2*s - 39 = -11. Suppose 3*w + 2*w - 490 = 0. What is the highest common divisor of w and s?
14
Suppose n + 448 = 5*n. What is the greatest common divisor of 14 and n?
14
Let k = 548 - 324. Suppose -4*o + k + 304 = 0. Let r be 62/5 + (-4)/10. What is the highest common divisor of r and o?
12
Suppose -5 + 22 = 2*o + f, -5*f + 29 = 3*o. What is the greatest common divisor of 40 and o?
8
Let h be (3*(-1)/(-6))/((-7)/(-42)). Calculate the highest common factor of 15 and h.
3
Let l be (-25)/((-5 + 4)/1). Suppose 30 = f + 2*f. Suppose -t + 0 = -f. What is the highest common factor of l and t?
5
Let w be (-1 + (-15)/(-9))*498. Suppose 4*n + w = 4*b, 146 = 5*b - 3*n - 279. What is the greatest common factor of b and 8?
8
Suppose 21 = 4*o + q, 5*o + 4*q = 38 + 2. Let v be (o - -5)*(0 - -1). What is the highest common divisor of v and 99?
9
Let i = 6 + 7. Calculate the highest common divisor of i and 13.
13
Suppose -u + 5*x = 2*x - 13, -2*u - 3*x = 1. Let s(f) = f**3 + f**2 + 5. Let y be s(u). Calculate the greatest common factor of y and 17.
17
Suppose -2*q - 4*n + 6 = -2, 0 = -5*n + 5. Suppose 0 = -3*z + q*z + 1. Suppose -20 = 443*j - 448*j. Calculate the greatest common factor of j and z.
1
Suppose -z = 3*z - 12. Let a be 18/1*z + -2. What is the highest common factor of a and 13?
13
Let n(v) = 2*v**2 + 3*v